te the remainder when 83 is divided by 467*(-2)/(-30) - (-12)/(-90).
21
Let n(c) = 2*c**2 + 7*c + 3. Let v(b) = 2*b - 17. Suppose 11*h - 132 = -0*h. Calculate the remainder when n(-5) is divided by v(h).
4
Let r(j) = 10 - 1 - 2*j + 1. Suppose 0 = -0*y + 5*y - 85. What is the remainder when y is divided by r(0)?
7
Let a(p) = p**3 - 15*p**2 - 72*p - 59. Calculate the remainder when a(19) is divided by 7.
3
Let o be 8 + 1*(-6 + 0). Let v be (36/10)/((-6)/(-20)). Suppose -o*s + 51 = p, 6*p - v = 2*p. What is the remainder when s is divided by 7?
3
Suppose 0 = 84*j - 71*j - 52. Let p = -2 - -4. What is the remainder when j is divided by p?
0
Suppose -4*f = -602 + 98. Let m = f + -105. Calculate the remainder when 80 is divided by m.
17
Let b(q) = q**2 + 3*q + 5. Suppose -36*u + 37*u - 364 = -4*o, -3*u + 364 = 4*o. Calculate the remainder when o is divided by b(-6).
22
Suppose 5*y = 4*t - 8201, -4*t + 6523 = y - 1672. Calculate the remainder when t is divided by 50.
49
Let g = 26 - 18. Suppose -f + 4*h = -44, 0*h = 2*h + g. Let q(d) = 7*d**2 - 3*d + 1. What is the remainder when q(3) is divided by f?
27
Suppose -5*d = g - 2*d + 12, g + 2 = -d. Suppose -a = -3*c + 11, 3*a = -5*c - 1127 + 1136. What is the remainder when g is divided by c?
0
Let c = -2004 - -2032. Calculate the remainder when 194 is divided by c.
26
Let l = 96 + -66. Let m = 5338 + -5284. Calculate the remainder when m is divided by l.
24
Let z(a) = 8*a**2 + 6*a. What is the remainder when z(-2) is divided by (-22)/(-2) - 0/(-3)?
9
Let w = -78 - -80. Suppose -w*c = c - 90. Calculate the remainder when c is divided by 12.
6
Suppose -3*s = -5*b + 16, 1 + 14 = 5*s. Suppose n + a - 131 = 0, 0 = 3*n - 0*a - b*a - 409. What is the remainder when n is divided by 34?
31
Suppose 35 = 6*u - 49. What is the remainder when 474 is divided by u?
12
Let f(b) = b**3 + 7*b**2 - 6*b + 11. Let s be f(-8). Let k(y) = -y + 8. Calculate the remainder when 62 is divided by k(s).
10
Suppose 0 = -1087*n + 1076*n + 143. What is the remainder when 177 is divided by n?
8
Let h be (-8)/(-20) - (-3632)/20. Calculate the remainder when ((-30)/7)/((-13)/h) is divided by 9.
6
Let z(k) = k**3 - 7*k**2 - 19*k + 153. Calculate the remainder when 61 is divided by z(6).
1
Suppose 3*o - 179 = -4*b, o - 2*o + 59 = 2*b. Suppose 86 + 0 = 2*q + 2*v, -2*q + o = -3*v. What is the remainder when q is divided by 10?
8
Let j = -151 - -173. Calculate the remainder when j is divided by 19.
3
What is the remainder when (-2)/((-24)/33)*8 is divided by 4*3 - ((-234)/(-13))/(-18)?
9
Suppose b = -3*b - 4*y + 104, 2*b + 5*y - 43 = 0. Suppose v + 9 = 4*r, b = 3*r + 4*v + 8. Suppose -2*k + 7 = r. Calculate the remainder when 5 is divided by k.
1
Let c = -8 + 13. Suppose k + 0*k + 10 = -3*g, -5*k - 5*g = 10. Calculate the remainder when (c*-2)/(-6 + 4) is divided by k.
1
Suppose -4*b + 2 = 42. Let z = 33 + b. Calculate the remainder when z is divided by 2.
1
Let z = 104 + -3. What is the remainder when z is divided by 5?
1
Let z(u) = 2*u**2 - 2*u + 2. Suppose 0 = 5*c - 3*d - 501, 16 = c - 4*d - 91. What is the remainder when c is divided by z(4)?
21
Let h(m) = m + 0*m - 2*m + 6. Suppose 0 = -3*f - 5*p - 23, -2*f - 5*p - 11 - 6 = 0. Calculate the remainder when 33 is divided by h(f).
9
Suppose -9*n - 2051 = -9521. Calculate the remainder when n is divided by 8.
6
Let k(g) = g**3 - 6*g**2 - 6*g + 3. Let c be k(7). Let a be 4 - c/(-15)*-3. Calculate the remainder when a/11 + (-372)/(-11) is divided by 9.
7
Let h(f) = 2*f**3 + 14*f**2 - 7*f - 16. What is the remainder when 78 is divided by h(-7)?
12
Let g = 260 - 173. Calculate the remainder when g is divided by 32.
23
Suppose 2*d - m + 44 + 405 = 0, 2*m = 2*d + 448. Let v be d/3*4/(-6). Suppose v = -q + 3*q. Calculate the remainder when 72 is divided by q.
22
Let y(s) = 24*s + 489. Suppose 4*j + a = 4*a + 177, -76 = -2*j + 4*a. Suppose -j = -5*h - 18. Calculate the remainder when y(-20) is divided by h.
3
Let p = -21 + 35. Suppose -f + 7 = -m, 5*f + 4*m = 2*m. Let c(z) = 6*z**3 + 2*z**2 - 3*z + 3. What is the remainder when c(f) is divided by p?
11
Calculate the remainder when (-35)/(-5)*(-1780)/(-70) is divided by 26.
22
Let l = 189 + -118. What is the remainder when l is divided by 5?
1
Suppose 6*l - 272 = 2*l. What is the remainder when l is divided by 10?
8
Let d = 27 + -11. Let w(l) = -12*l - 36. Let z be w(-7). Calculate the remainder when z + 0 + (-27 - -26) is divided by d.
15
Let t(k) = 7*k + 7. Let p be t(16). Let w = -104 + p. What is the remainder when 132 is divided by w?
12
Let q(d) = -8*d**2 - 197*d + 87. Let c = 4 + -2. What is the remainder when 309/9 - c/(-3) is divided by q(-25)?
11
Let s(z) = z**2 + 16*z - 316. Calculate the remainder when s(-29) is divided by 21.
19
Let m = 754 + -324. What is the remainder when m is divided by 72?
70
Let f be (-6)/9*(-6)/(-4). What is the remainder when 8 is divided by 11 + f + 0 + -3?
1
Suppose 11*f - 377 = -14. Suppose m + 7*p - f = 2*p, -2*m + 11 = -p. Let a(c) = c**2 + 4*c + 5. Calculate the remainder when a(4) is divided by m.
5
Suppose 77 = l + 2*w, 0*w - 2*w = -6. Let v = -68 + 107. Suppose -5*f = -v - l. What is the remainder when 41 is divided by f?
19
Let j be (-3 - -4 - -28) + 2/2. Calculate the remainder when 58 is divided by 4/(-3 - (-94)/j).
28
Let s be 5 - 0*(-3 - -4). Suppose -2*m - 5*w = s, 0*m + w = m - 8. Suppose m*b + 48 = 153. What is the remainder when 40 is divided by b?
19
Let t = 10 - 5. Suppose 192*y = 204*y - 48. What is the remainder when t is divided by y?
1
What is the remainder when (-14)/(-119) - (-3721)/17 is divided by 39?
24
Let o be 0 + -1 + 6/3. Let h(d) = 16*d**2 + 2*d - 2. Calculate the remainder when h(o) is divided by (1 - 2)/((-2)/12).
4
Suppose 0 = 13*n - 16*n + 3. What is the remainder when 105 is divided by (34*4 - n)*118/295?
51
Let u = -1799 + 1823. Calculate the remainder when 596 is divided by u.
20
Let o = 643 + -483. Calculate the remainder when o is divided by 24.
16
What is the remainder when 86 is divided by (-351)/(-12) + (11/4 - 3)?
28
Let z(f) = f**3 + 9*f**2 - 4*f + 17. Suppose 4*i = -4*j - 52, -2*i + 5*i + j + 31 = 0. What is the remainder when z(i) is divided by 14?
11
Suppose 4*s = 2*c + 178, 77 = 2*s - 4*c - c. What is the remainder when s is divided by 7?
4
Suppose 4*v + 3*w - 213 = 2*w, -57 = -v + w. Suppose -34*z + 4864 = -2276. What is the remainder when z is divided by v?
48
Let i(t) = -2*t**3 - t**2. Let s be i(-1). Suppose -2*f - 1 = s. What is the remainder when 2*(-29)/f + 3 is divided by 16?
13
Suppose 4*w - 123 = -2*f + 67, 5*f = w + 431. What is the remainder when 167 is divided by f?
80
Suppose 5*w - 3*a = -7*a + 55, 3*w - 5*a - 70 = 0. What is the remainder when w is divided by 2?
1
Suppose -886 = -2*h + 5*j, -2*j - 2*j - 1336 = -3*h. What is the remainder when h is divided by 15?
13
Suppose v - 2*v - 5*f = -37, -2*v + f = -30. Suppose -52 - 41 = -3*q. Calculate the remainder when q is divided by v.
14
Let g(y) = -y + 4. Let n be g(0). Suppose 2*q = 2*v - 6*v + 346, -n*v + 316 = -4*q. Suppose 0 = -8*o + 5*o + v. Calculate the remainder when 54 is divided by o.
26
Suppose -5*l - 60 = -0. Let s = 12 + l. Let n = s + 12. What is the remainder when 33 is divided by n?
9
Let w(d) = -16*d - 44. Suppose 0 = -r + 12 + 15. Suppose 3*z - r = 15. What is the remainder when w(-6) is divided by z?
10
Let q = -243 - -271. What is the remainder when 108 is divided by q?
24
Suppose -22 = -5*g - 7. Let y(a) = -a**3 + 0 - a - 5*a**2 + 0*a**g - 1. What is the remainder when 9 is divided by y(-5)?
1
Let j = -317 - -418. What is the remainder when j is divided by 5?
1
Suppose -32 = 2*a - 6*a. Suppose -g = -6 - a. Calculate the remainder when 69 is divided by g.
13
Let p = 9 + -8. Let z = -17 - -21. Suppose -z*r = 2*c - 14 + 4, 3*r + 3*c = 12. Calculate the remainder when r is divided by p.
0
What is the remainder when 19 is divided by (-22)/8 + 12/16 + 19?
2
Suppose -74 = -4*d + 58. Let j(i) = i**2 + 26*i + 266. Calculate the remainder when j(-14) is divided by d.
32
Let y = -1259 - -1338. What is the remainder when y is divided by 32?
15
Let y = -3819 - -3827. Suppose 0 = 4*j - 88. Let k = j - 0. What is the remainder when k is divided by y?
6
Let r(c) = -c**2 + 10*c - 7. Let k(n)